{"id":60,"date":"2017-07-11T06:22:44","date_gmt":"2017-07-11T05:22:44","guid":{"rendered":"http:\/\/philharmoniamundimontreal.com\/nouveau_site\/?page_id=60"},"modified":"2019-06-27T02:20:12","modified_gmt":"2019-06-27T01:20:12","slug":"jean-pascal-hamelin","status":"publish","type":"page","link":"https:\/\/www.philharmoniamundimontreal.com\/orchestre\/jean-pascal-hamelin\/","title":{"rendered":"Jean-Pascal Hamelin"},"content":{"rendered":"<p>Consid\u00e9r\u00e9 comme \u00ab\u2009un chef de grand talent\u2009\u00bb (La Presse, C. Gingras), et poss\u00e9dant\u00a0\u00a0 \u00ab\u2009le g\u00e9nie de raconter la musique comme un r\u00e9cit passionnant\u2009\u00bb (L\u2019Actualit\u00e9, G. Nicholson), Jean-Pascal Hamelin s\u2019est distingu\u00e9 au Qu\u00e9bec en dirigeant notamment l\u2019Orchestre M\u00e9tropolitain, I Musici de Montr\u00e9al, Les Violons du Roy et l\u2019Orchestre de Trois-Rivi\u00e8res.<\/p>\n<p>Il est actuellement chef et directeur artistique de l\u2019<a href=\"http:\/\/philharmoniamundimontreal.com\">Orchestre Philharmonia Mundi de Montr\u00e9al<\/a>, du <a href=\"http:\/\/choeurcvs.org\/\" target=\"_blank\" rel=\"noopener noreferrer\">Ch\u0153ur classique Vaudreuil-Soulanges<\/a> ainsi que du <a href=\"https:\/\/choeurdumusee.org\/\" target=\"_blank\" rel=\"noopener noreferrer\">Ch\u0153ur du Mus\u00e9e d\u2019Art de Joliette<\/a> (septembre 2016). Il a \u00e9galement \u00e9t\u00e9 chef de l\u2019Orchestre symphonique des jeunes de Sherbrooke.<\/p>\n<p>Il dirige \u00e9galement, entre septembre 2010 et avril 2017, un orchestre de 25 musiciens pendant les 83 repr\u00e9sentations du spectacle \u00ab\u2009Edgar et ses fant\u00f4mes\u2009\u00bb, \u00e0 travers le Qu\u00e9bec. Son enregistrement de la musique de ce spectacle, paru en CD et en LP sous \u00e9tiquette Octave Classique, est mis en nomination \u00e0 l\u2019ADISQ, en 2012 dans la cat\u00e9gorie \u00ab\u2009Album de l\u2019ann\u00e9e \u2013 Classique\/Orchestre et grand ensemble\u2009\u00bb. Il a tout r\u00e9cemment dirig\u00e9 ce m\u00eame spectacle au Casino de Paris, en avril-mai 2018. Un tout nouveau spectacle, Edgar 2 et ses fant\u00f4mes, a \u00e9t\u00e9 donn\u00e9 \u00e0 Montr\u00e9al et Qu\u00e9bec pour 29 repr\u00e9sentations, entre octobre et d\u00e9cembre 2017.<\/p>\n<p><span style=\"font-size: 1rem;\">Jean-Pascal Hamelin donne plusieurs concerts \u00e0 l\u2019\u00e9tranger avec l\u2019Orchestre National de Colombie \u00e0 Medell\u00edn (diffus\u00e9 \u00e0 la t\u00e9l\u00e9vision nationale), l\u2019Orchestre Dohnanyi Budafok au Palais des Arts de Budapest, ainsi qu\u2019avec le Youth Orchestra of the Americas, avec lequel il enregistre le disque \u00ab\u2009From the New World\u2009\u00bb. Cet enregistrement \u00ab\u2009live\u2009\u00bb, publi\u00e9 sous \u00e9tiquette Fidelio Musique, est \u00e9galement mis en nomination au Gala de l\u2019ADISQ d\u2019octobre 2011 comme \u00ab\u2009Album de l\u2019ann\u00e9e \u2013 Classique\/Orchestre et grand ensemble\u2009\u00bb. Jean-Pascal a aussi collabor\u00e9 avec plusieurs solistes de renom, dont les pianistes Gabriela Montero et Louis Lortie.<\/span><\/p>\n<p>Jean-Pascal Hamelin a travaill\u00e9 la direction d\u2019orchestre aupr\u00e8s de Raffi Armenian au Conservatoire de Musique du Qu\u00e9bec \u00e0 Montr\u00e9al et \u00e0 l\u2019Universit\u00e9 de Montr\u00e9al avec<br \/>\nJean-Fran\u00e7ois Rivest et Paolo Bellomia. Il participe \u00e0 plusieurs stages de perfectionnement en direction d\u2019orchestre aux \u00c9tats-Unis et en Europe, notamment avec Harold Farberman au Bard College de New York et avec Gianluigi Gelmetti \u00e0 l\u2019Acad\u00e9mie Chigiana de Sienne en Italie.<\/p>\n<p>Pianiste de formation, Jean-Pascal Hamelin continue \u00e0 se produire r\u00e9guli\u00e8rement en solo, en concerto et en musique de chambre. Il commence \u00e0 travailler le piano \u00e0 l\u2019\u00e9cole<br \/>\nVincent-d\u2019Indy, puis \u00e0 l\u2019Universit\u00e9 McGill avec Charles Reiner, o\u00f9 il obtient un baccalaur\u00e9at en musique. Il poursuit ses \u00e9tudes pianistiques \u00e0 New York avec Edna Golandsky et Dorothy Taubman. Pour marquer le 200e anniversaire de naissance de Chopin en 2010, il enregistre au piano un album d\u2019\u0153uvres du compositeur intitul\u00e9 \u00ab\u2009Tableaux intimes\u2009\u00bb, publi\u00e9 sous \u00e9tiquette Fidelio Musique. Il est aussi directeur artistique et co-fondateur de la maison de disques Palexa. Il a \u00e9t\u00e9 assistant-r\u00e9alisateur et chroniqueur de musique classique \u00e0 Radio-Canada de 2000 \u00e0 2005 et est r\u00e9guli\u00e8rement invit\u00e9 aux Soir\u00e9es classiques d\u2019ICI Musique anim\u00e9es par Mario Paquet.<\/p>\n<p>Pour de plus amples informations, veuillez consulter le <a href=\"http:\/\/jeanpascalhamelin.ca\" target=\"_blank\" rel=\"noopener noreferrer\">site officiel de Jean-Pascal Hamelin<\/a>.<\/p>\n","protected":false},"excerpt":{"rendered":"<p>Consid\u00e9r\u00e9 comme \u00ab\u2009un chef de grand talent\u2009\u00bb (La Presse, C. Gingras), et poss\u00e9dant\u00a0\u00a0 \u00ab\u2009le g\u00e9nie de raconter la musique comme un r\u00e9cit passionnant\u2009\u00bb (L\u2019Actualit\u00e9, G. Nicholson), Jean-Pascal Hamelin s\u2019est distingu\u00e9 au Qu\u00e9bec en dirigeant notamment l\u2019Orchestre M\u00e9tropolitain, I Musici de Montr\u00e9al, Les Violons du Roy et l\u2019Orchestre de Trois-Rivi\u00e8res. Il est actuellement chef et directeur &hellip; <\/p>\n<p class=\"link-more\"><a href=\"https:\/\/www.philharmoniamundimontreal.com\/orchestre\/jean-pascal-hamelin\/\" class=\"more-link\">Continuer la lecture<span class=\"screen-reader-text\"> de &laquo; Jean-Pascal Hamelin &raquo;<\/span><\/a><\/p>\n","protected":false},"author":2,"featured_media":61,"parent":0,"menu_order":0,"comment_status":"closed","ping_status":"closed","template":"","meta":{"footnotes":""},"class_list":["post-60","page","type-page","status-publish","has-post-thumbnail","hentry"],"_links":{"self":[{"href":"https:\/\/www.philharmoniamundimontreal.com\/orchestre\/wp-json\/wp\/v2\/pages\/60","targetHints":{"allow":["GET"]}}],"collection":[{"href":"https:\/\/www.philharmoniamundimontreal.com\/orchestre\/wp-json\/wp\/v2\/pages"}],"about":[{"href":"https:\/\/www.philharmoniamundimontreal.com\/orchestre\/wp-json\/wp\/v2\/types\/page"}],"author":[{"embeddable":true,"href":"https:\/\/www.philharmoniamundimontreal.com\/orchestre\/wp-json\/wp\/v2\/users\/2"}],"replies":[{"embeddable":true,"href":"https:\/\/www.philharmoniamundimontreal.com\/orchestre\/wp-json\/wp\/v2\/comments?post=60"}],"version-history":[{"count":7,"href":"https:\/\/www.philharmoniamundimontreal.com\/orchestre\/wp-json\/wp\/v2\/pages\/60\/revisions"}],"predecessor-version":[{"id":256,"href":"https:\/\/www.philharmoniamundimontreal.com\/orchestre\/wp-json\/wp\/v2\/pages\/60\/revisions\/256"}],"wp:featuredmedia":[{"embeddable":true,"href":"https:\/\/www.philharmoniamundimontreal.com\/orchestre\/wp-json\/wp\/v2\/media\/61"}],"wp:attachment":[{"href":"https:\/\/www.philharmoniamundimontreal.com\/orchestre\/wp-json\/wp\/v2\/media?parent=60"}],"curies":[{"name":"wp","href":"https:\/\/api.w.org\/{rel}","templated":true}]}}

<p>Considéré comme « un chef de grand talent » (La Presse, C. Gingras), et possédant   « le génie de raconter la musique comme un récit passionnant » (L’Actualité, G. Nicholson), Jean-Pascal Hamelin s’est distingué au Québec en dirigeant notamment l’Orchestre Métropolitain, I Musici de Montréal, Les Violons du Roy et l’Orchestre de Trois-Rivières.</p>
<p>Il est actuellement chef et directeur artistique de l’<a href="http://philharmoniamundimontreal.com">Orchestre Philharmonia Mundi de Montréal</a>, du <a href="http://choeurcvs.org/" target="_blank" rel="noopener noreferrer">Chœur classique Vaudreuil-Soulanges</a> ainsi que du <a href="https://choeurdumusee.org/" target="_blank" rel="noopener noreferrer">Chœur du Musée d’Art de Joliette</a> (septembre 2016). Il a également été chef de l’Orchestre symphonique des jeunes de Sherbrooke.</p>
<p>Il dirige également, entre septembre 2010 et avril 2017, un orchestre de 25 musiciens pendant les 83 représentations du spectacle « Edgar et ses fantômes », à travers le Québec. Son enregistrement de la musique de ce spectacle, paru en CD et en LP sous étiquette Octave Classique, est mis en nomination à l’ADISQ, en 2012 dans la catégorie « Album de l’année – Classique/Orchestre et grand ensemble ». Il a tout récemment dirigé ce même spectacle au Casino de Paris, en avril-mai 2018. Un tout nouveau spectacle, Edgar 2 et ses fantômes, a été donné à Montréal et Québec pour 29 représentations, entre octobre et décembre 2017.</p>
<p><span style="font-size: 1rem;">Jean-Pascal Hamelin donne plusieurs concerts à l’étranger avec l’Orchestre National de Colombie à Medellín (diffusé à la télévision nationale), l’Orchestre Dohnanyi Budafok au Palais des Arts de Budapest, ainsi qu’avec le Youth Orchestra of the Americas, avec lequel il enregistre le disque « From the New World ». Cet enregistrement « live », publié sous étiquette Fidelio Musique, est également mis en nomination au Gala de l’ADISQ d’octobre 2011 comme « Album de l’année – Classique/Orchestre et grand ensemble ». Jean-Pascal a aussi collaboré avec plusieurs solistes de renom, dont les pianistes Gabriela Montero et Louis Lortie.</span></p>
<p>Jean-Pascal Hamelin a travaillé la direction d’orchestre auprès de Raffi Armenian au Conservatoire de Musique du Québec à Montréal et à l’Université de Montréal avec<br />
Jean-François Rivest et Paolo Bellomia. Il participe à plusieurs stages de perfectionnement en direction d’orchestre aux États-Unis et en Europe, notamment avec Harold Farberman au Bard College de New York et avec Gianluigi Gelmetti à l’Académie Chigiana de Sienne en Italie.</p>
<p>Pianiste de formation, Jean-Pascal Hamelin continue à se produire régulièrement en solo, en concerto et en musique de chambre. Il commence à travailler le piano à l’école<br />
Vincent-d’Indy, puis à l’Université McGill avec Charles Reiner, où il obtient un baccalauréat en musique. Il poursuit ses études pianistiques à New York avec Edna Golandsky et Dorothy Taubman. Pour marquer le 200e anniversaire de naissance de Chopin en 2010, il enregistre au piano un album d’œuvres du compositeur intitulé « Tableaux intimes », publié sous étiquette Fidelio Musique. Il est aussi directeur artistique et co-fondateur de la maison de disques Palexa. Il a été assistant-réalisateur et chroniqueur de musique classique à Radio-Canada de 2000 à 2005 et est régulièrement invité aux Soirées classiques d’ICI Musique animées par Mario Paquet.</p>
<p>Pour de plus amples informations, veuillez consulter le <a href="http://jeanpascalhamelin.ca" target="_blank" rel="noopener noreferrer">site officiel de Jean-Pascal Hamelin</a>.</p>

<p>Considéré comme « un chef de grand talent » (La Presse, C. Gingras), et possédant   « le génie de raconter la musique comme un récit passionnant » (L’Actualité, G. Nicholson), Jean-Pascal Hamelin s’est distingué au Québec en dirigeant notamment l’Orchestre Métropolitain, I Musici de Montréal, Les Violons du Roy et l’Orchestre de Trois-Rivières. Il est actuellement chef et directeur &hellip; </p>
<p class="link-more"><a href="https://www.philharmoniamundimontreal.com/orchestre/jean-pascal-hamelin/" class="more-link">Continuer la lecture<span class="screen-reader-text"> de &laquo; Jean-Pascal Hamelin &raquo;</span></a></p>
